t of 2778536?
2
What is the ten thousands digit of 510042?
1
What is the thousands digit of 124218?
4
What is the thousands digit of 1190704?
0
What is the millions digit of 3244558?
3
What is the ten thousands digit of 564144?
6
What is the thousands digit of 1263917?
3
What is the hundreds digit of 2913731?
7
What is the hundreds digit of 211869?
8
What is the units digit of 951087?
7
What is the tens digit of 36360780?
8
What is the hundreds digit of 2789905?
9
What is the hundreds digit of 632127?
1
What is the ten thousands digit of 211728?
1
What is the hundreds digit of 799482?
4
What is the ten thousands digit of 2159625?
5
What is the thousands digit of 10991739?
1
What is the hundred thousands digit of 10976540?
9
What is the hundred thousands digit of 5281039?
2
What is the ten thousands digit of 24878594?
7
What is the units digit of 96431?
1
What is the units digit of 5041730?
0
What is the tens digit of 175015?
1
What is the millions digit of 1880322?
1
What is the tens digit of 200328?
2
What is the units digit of 6943943?
3
What is the hundred thousands digit of 110284?
1
What is the units digit of 1069977?
7
What is the ten thousands digit of 4958581?
5
What is the hundreds digit of 5466652?
6
What is the tens digit of 904143?
4
What is the hundreds digit of 7332904?
9
What is the hundreds digit of 17443447?
4
What is the units digit of 975564?
4
What is the tens digit of 7091327?
2
What is the ten thousands digit of 626827?
2
What is the thousands digit of 358728?
8
What is the units digit of 1658033?
3
What is the ten thousands digit of 226097?
2
What is the units digit of 149826?
6
What is the ten thousands digit of 13279156?
7
What is the millions digit of 1280665?
1
What is the units digit of 329088?
8
What is the tens digit of 295551?
5
What is the hundreds digit of 4990170?
1
What is the tens digit of 11774363?
6
What is the units digit of 3721195?
5
What is the millions digit of 1266336?
1
What is the ten thousands digit of 2706843?
0
What is the ten thousands digit of 950762?
5
What is the hundred thousands digit of 467287?
4
What is the millions digit of 33191110?
3
What is the thousands digit of 2275554?
5
What is the units digit of 140579?
9
What is the hundreds digit of 17895?
8
What is the tens digit of 728109?
0
What is the ten thousands digit of 1880235?
8
What is the thousands digit of 345679?
5
What is the units digit of 296174?
4
What is the ten thousands digit of 43557?
4
What is the units digit of 1028777?
7
What is the hundreds digit of 61978?
9
What is the units digit of 3651404?
4
What is the ten thousands digit of 6074720?
7
What is the ten thousands digit of 7464890?
6
What is the hundred thousands digit of 1807462?
8
What is the hundreds digit of 7849188?
1
What is the tens digit of 9267410?
1
What is the thousands digit of 1115020?
5
What is the tens digit of 30989?
8
What is the tens digit of 228105?
0
What is the hundred thousands digit of 214859?
2
What is the hundreds digit of 892938?
9
What is the units digit of 619607?
7
What is the hundred thousands digit of 600810?
6
What is the thousands digit of 829163?
9
What is the ten thousands digit of 1074842?
7
What is the tens digit of 797225?
2
What is the units digit of 6135314?
4
What is the units digit of 118882?
2
What is the tens digit of 2328710?
1
What is the tens digit of 6035835?
3
What is the ten thousands digit of 117968?
1
What is the hundreds digit of 2248?
2
What is the ten thousands digit of 241163?
4
What is the hundreds digit of 14598400?
4
What is the hundred thousands digit of 5939028?
9
What is the hundreds digit of 10367753?
7
What is the tens digit of 798953?
5
What is the tens digit of 1394046?
4
What is the tens digit of 1900166?
6
What is the thousands digit of 6376530?
6
What is the tens digit of 69753?
5
What is the ten thousands digit of 482227?
8
What is the thousands digit of 3253276?
3
What is the thousands digit of 8832480?
2
What is the hundreds digit of 7384052?
0
What is the ten thousands digit of 9886863?
8
What is the ten thousands digit of 117727?
1
What is the units digit of 1220520?
0
What is the thousands digit of 687434?
7
What is the hundred thousands digit of 120495?
1
What is the thousands digit of 356780?
6
What is the millions digit of 18423163?
8
What is the tens digit of 10579290?
9
What is the hundred thousands digit of 140869?
1
What is the thousands digit of 109320?
9
What is the thousands digit of 89547?
9
What is the millions digit of 1115632?
1
What is the thousands digit of 139884?
9
What is the units digit of 2090927?
7
What is the ten thousands digit of 50778?
5
What is the ten thousands digit of 313859?
1
What is the ten thousands digit of 2180489?
8
What is the units digit of 3095509?
9
What is the ten thousands digit of 769249?
6
What is the hundreds digit of 122820?
8
What is the hundreds digit of 790785?
7
What is the units digit of 641149?
9
What is the thousands digit of 25747155?
7
What is the hundreds digit of 85783?
7
What is the hundreds digit of 2784699?
6
What is the tens digit of 4565858?
5
What is the hundreds digit of 343830?
8
What is the hundred thousands digit of 271183?
2
What is the ten millions digit of 14639272?
1
What is the units digit of 235297?
7
What is the hundred thousands digit of 858187?
8
What is the hundreds digit of 812215?
2
What is the millions digit of 5131211?
5
What is the ten thousands digit of 273349?
7
What is the ten thousands digit of 121622?
2
What is the tens digit of 3078037?
3
What is the hundred thousands digit of 20083839?
0
What is the ten thousands digit of 6079322?
7
What is the tens digit of 1412409?
0
What is the units digit of 5905109?
9
What is the hundreds digit of 21416355?
3
What is the hundred thousands digit of 1900324?
9
What is the units digit of 22676266?
6
What is the units digit of 9554411?
1
What is the hundreds digit of 9124490?
4
What is the hundreds digit of 28240252?
2
What is the hundred thousands digit of 605952?
6
What is the hundreds digit of 596980?
9
What is the units digit of 195680?
0
What is the millions digit of 1195977?
1
What is the millions digit of 6479809?
6
What is the units digit of 735654?
4
What is the units digit of 2261809?
9
What is the units digit of 56765?
5
What is the hundreds digit of 965056?
0
What is the tens digit of 194912?
1
What is the thousands digit of 450973?
0
What is the thousands digit of 371763?
1
What is the hundreds digit of 349041?
0
What is the units digit of 384667?
7
What is the hundred thousands digit of 1134998?
1
What is the units digit of 7147689?
9
What is the thousands digit of 3847?
3
What is the units digit of 2483450?
0
What is the ten millions digit of 34203627?
3
What is the units digit of 9618805?
5
What is the hundreds digit of 360655?
6
What is the thousands digit of 2641212?
1
What is the thousands digit of 440147?
0
What is the hundreds digit of 480681?
6
What is the tens digit of 4163291?
9
What is the hundreds digit of 1156454?
4
What is the thousands digit of 7492045?
2
What is the ten millions digit of 18929569?
1
What is the hundred thousands digit of 586416?
5
What is the hundreds digit of 73592?
5
What is the ten thousands digit of 323730?
2
What is the tens digit of 7179539?
3
What is the millions digit of 26103802?
6
What is the tens digit of 637525?
2
What is the hundred thousands digit of 1565604?
5
What is the hundreds digit of 463553?
5
What is the units digit of 641735?
5
What is the tens digit of 16315?
1
What is the ten thousands digit of 515226?
1
What is the hundreds digit of 1641516?
5
What is the tens digit of 7761310?
1
What is the ten thousands digit of 1500951?
0
What is the units digit of 2157229?
9
What is the hundreds digit of 7309028?
0
What is the hundreds digit of 922452?
4
What is the thousands digit of 144235?
4
What is the hundreds digit of 256886?
8
What is the units digit of 8783939?
9
What is the units digit of 3067783?
3
What is the hundreds digit of 818772?
7
What is the tens digit of 9687417?
1
What is the hundreds digit of 65001?
0
What is the ten thousands digit of 4302853?
0
What is the ten thousands digit of 313585?
1
What is the hundred thousands digit of 2363201?
3
What is the units digit of 8258167?
7
What is 